{"id":1901,"date":"2018-03-29T14:52:34","date_gmt":"2018-03-29T12:52:34","guid":{"rendered":"http:\/\/www.bio-nickl.de\/wordpress\/?page_id=1901"},"modified":"2022-08-01T07:51:25","modified_gmt":"2022-08-01T05:51:25","slug":"erholung-fuer-maenner","status":"publish","type":"page","link":"https:\/\/www.bio-nickl.de\/wordpress\/erholung\/erholung-fuer-maenner\/","title":{"rendered":"Erholung f\u00fcr M\u00e4nner"},"content":{"rendered":"<p><strong>Schlaraffia<\/strong><strong>\u00ae \u2013 ein persiflierendes Ritter-Spiel<\/strong><\/p>\n<p>Erholung ist eines der wesentlichen Elemente in einem erfolgreichen und gesunden Lehrer\u00adleben! Ein regelm\u00e4\u00dfiger Abend voller Fr\u00f6hlichkeit kann dabei wahre Wunder bewirken. Nat\u00fcrlich liegt es nahe, sich nach einem anstrengenden Berufstag vor den Fernseher zu fl\u00e4zen und einfach nichts mehr zu tun. Aber allein die Regelm\u00e4\u00dfigkeit, sich einen Abend in der Woche freizuhalten, bedeutet bereits echte Erholung. Das Entscheidende aber ist das Erlebnis selbst, befreit von den Schlacken des Alltags. So manches Mal bin ich eher aus Pflichtbe\u00adwusstsein denn aus Lust zu unserem gemeinsamen Abend gegangen, aber nach Hause gekehrt bin ich danach beschwingt, gut gelaunt und gest\u00e4rkt f\u00fcr die n\u00e4chsten Tage. Ein unbeschwerter Abend mit Gleichgesinnten wirkt wie eine Therapie.<\/p>\n<figure id=\"attachment_1910\" aria-describedby=\"caption-attachment-1910\" style=\"width: 525px\" class=\"wp-caption alignleft\"><img loading=\"lazy\" decoding=\"async\" class=\"wp-image-1910 size-large\" src=\"http:\/\/www.bio-nickl.de\/wordpress\/wp-content\/uploads\/2018\/03\/UHU-Thron-1024x584.jpg\" alt=\"\" width=\"525\" height=\"299\" srcset=\"https:\/\/www.bio-nickl.de\/wordpress\/wp-content\/uploads\/2018\/03\/UHU-Thron-1024x584.jpg 1024w, https:\/\/www.bio-nickl.de\/wordpress\/wp-content\/uploads\/2018\/03\/UHU-Thron-300x171.jpg 300w, https:\/\/www.bio-nickl.de\/wordpress\/wp-content\/uploads\/2018\/03\/UHU-Thron-768x438.jpg 768w, https:\/\/www.bio-nickl.de\/wordpress\/wp-content\/uploads\/2018\/03\/UHU-Thron.jpg 1043w\" sizes=\"auto, (max-width: 525px) 100vw, 525px\" \/><figcaption id=\"caption-attachment-1910\" class=\"wp-caption-text\">Die Oberschlaraffen Ritter Sohn-Sohn, Klinterklater und Cor-Pulus auf dem Thron des hohen Schlaraffen-Reyches Ob der Isar in M\u00fcnchen<\/figcaption><\/figure>\n<p>&nbsp;<\/p>\n<p>&nbsp;<\/p>\n<p>&nbsp;<\/p>\n<p>&nbsp;<\/p>\n<p>&nbsp;<\/p>\n<p>&nbsp;<\/p>\n<p>&nbsp;<\/p>\n<p>Ich spreche von Schlaraffia\u00ae. Zum Leidwesen mancher Kollegin sind dort nur M\u00e4nner zuge\u00adlassen. (Aber viele Frauen genie\u00dfen den freien Abend, wenn ihr Angetrauter regelm\u00e4\u00dfig ein Mal die Woche zur Schlaraffia\u00ae geht.)<\/p>\n<p><strong>Was ist Schlaraffia?<\/strong><\/p>\n<p>Schlaraffia\u00ae ist eine weltweite Vereinigung von M\u00e4nnern, die Kunst, Freundschaft und Humor pflegen. Ihr Leitspruch lautet:<\/p>\n<h2 style=\"text-align: center;\"><span style=\"color: #993366;\"><strong>In arte voluptas<\/strong><\/span><\/h2>\n<p style=\"text-align: center;\"><em>(In der Kunst liegt das Vergn\u00fcgen.)<\/em><\/p>\n<p>Auch wenn es so klingen mag: In Schlaraffia\u00ae geht es nicht in erster Linie um gutes Essen und schon gleich garnicht um das Horchen an Matratzen, vielmehr ist Schlaraffia\u00ae ein Wunderland des Geistes.<\/p>\n<p>Sieben Monate im Jahr (von Oktober bis April) trifft man sich einmal pro Woche zu einem sogenannten <em>Sippungs<\/em>-Abend. (Fast) alles dabei ist Persiflage: das Ceremoniell, die schlaraf\u00adfische Sprache, die Unfehlbarkeit des Vorsitzenden (genannt: der <em>fungierende<\/em> <em>Oberschlaraf\u00adfe<\/em>), die St\u00e4nde (<em>Knappen<\/em>, <em>Junker<\/em> und <em>Ritter<\/em>), deren <em>R\u00fcstungen<\/em> (die <em>Helme<\/em> sind eigentlich Narrenkappen) oder die <em>Zweik\u00e4mpfe <\/em>bei gespielten Zwistigkeiten \u00fcber Nichtigkeiten (die einzig zul\u00e4ssige Waffe dabei ist eine spitze Zunge).<\/p>\n<figure id=\"attachment_5762\" aria-describedby=\"caption-attachment-5762\" style=\"width: 142px\" class=\"wp-caption alignnone\"><img loading=\"lazy\" decoding=\"async\" class=\"size-medium wp-image-5762\" src=\"https:\/\/www.bio-nickl.de\/wordpress\/wp-content\/uploads\/2020\/12\/UHU-Rostra-Meschugge-481x1024-1-142x300.jpg\" alt=\"\" width=\"142\" height=\"300\" srcset=\"https:\/\/www.bio-nickl.de\/wordpress\/wp-content\/uploads\/2020\/12\/UHU-Rostra-Meschugge-481x1024-1-142x300.jpg 142w, https:\/\/www.bio-nickl.de\/wordpress\/wp-content\/uploads\/2020\/12\/UHU-Rostra-Meschugge-481x1024-1.jpg 480w\" sizes=\"auto, (max-width: 142px) 100vw, 142px\" \/><figcaption id=\"caption-attachment-5762\" class=\"wp-caption-text\">Ritter Meschugge in der Rostra<\/figcaption><\/figure>\n<p>Ernst genommen wird dagegen die Pflege der Freundschaft, die Vermeidung der Themen Religion, Politik und Beruf sowie die gemeinsame Freude an den unterschiedlichsten Vor\u00adtr\u00e4gen oder spontanen Einw\u00fcrfen. Jeder darf, keiner muss sich einbringen. Wer selbst gerne vortr\u00e4gt, sei es Musik, Dichtung oder freie Erz\u00e4hlung, der be\u00adsteigt die <em>Rostra<\/em>. Aber auch wer \u201enur\u201c zuh\u00f6rt, tr\u00e4gt damit zum Gelingen des Spiels bei. Alle <em>Sassen<\/em> tragen einen Phantasie\u00adnamen; <em>profaner<\/em> Rang und Name spielen keine Rolle.<\/p>\n<p>Schlaraffische <em>Reyche<\/em> (\u00f6rtliche Gruppen) gibt es an vielen Orten in Deutschland und dar\u00fcber hinaus.<\/p>\n<p><strong>Schlaraffia\u00ae ist f\u00fcr jeden offen aber keine \u00f6ffentliche Insti\u00adtution!<\/strong><\/p>\n<p>Wenn Sie unser Spiel und den Ablauf eines Abends einmal er\u00adleben m\u00f6chten, sind Sie herzlich eingeladen, in Begleitung eines Schlaraffen daran teilzunehmen. Daraus ergeben sich f\u00fcr Sie keinerlei Verpflichtungen. Sollten Sie Gefallen an unserem Spiel finden, haben Sie die M\u00f6glichkeit, weitere Abende als Gast zu besuchen.<\/p>\n<p>Ich vermittle Ihnen gerne einen <em>Paten<\/em>, der Sie in eine schlaraffische Sippung mitnimmt &#8211; in M\u00fcnchen, Bayern, Deutschland, weltweit: nickl-tom@web.de.<\/p>\n<p>Lulu!*<\/p>\n<p><em>* schlaraffischer Ausdruck der Freude, gleichzeitig Begr\u00fc\u00dfungs- und Verabschiedungsformel<\/em><\/p>\n<figure id=\"attachment_1908\" aria-describedby=\"caption-attachment-1908\" style=\"width: 245px\" class=\"wp-caption alignnone\"><img loading=\"lazy\" decoding=\"async\" class=\"size-medium wp-image-1908\" src=\"http:\/\/www.bio-nickl.de\/wordpress\/wp-content\/uploads\/2018\/03\/UHU-Hofnarr-245x300.jpg\" alt=\"\" width=\"245\" height=\"300\" srcset=\"https:\/\/www.bio-nickl.de\/wordpress\/wp-content\/uploads\/2018\/03\/UHU-Hofnarr-245x300.jpg 245w, https:\/\/www.bio-nickl.de\/wordpress\/wp-content\/uploads\/2018\/03\/UHU-Hofnarr-768x939.jpg 768w, https:\/\/www.bio-nickl.de\/wordpress\/wp-content\/uploads\/2018\/03\/UHU-Hofnarr.jpg 837w\" sizes=\"auto, (max-width: 245px) 100vw, 245px\" \/><figcaption id=\"caption-attachment-1908\" class=\"wp-caption-text\">Hofnarr Ritter Thor-Ehro (bis April 2019; ab Oktober 2019 Oberschlaraffe der Kunst)<br \/>(profan: Thomas Nickl)<\/figcaption><\/figure>\n<p>Mehr Information zur Schlaraffia\u00ae finden Sie u. a. auf den folgenden Webseiten:<\/p>\n<p><span id=\"uhu\" class=\"sta-anchor \" aria-hidden=\"true\"><a href=\"http:\/\/www.schlaraffen-freunde.com\"><span style=\"color: #ff6600;\">www.schlaraffen-freunde.com<\/span><\/a><\/span>: zum Informieren und Reinschnuppern<\/p>\n<p><a href=\"https:\/\/de.wikipedia.org\/wiki\/Schlaraffia\">https:\/\/de.wikipedia.org\/wiki\/Schlaraffia<\/a><\/p>\n<p><span style=\"color: #ff0000;\">Die Einschr\u00e4nkungen aufgrund der Corona-Pandemie haben ab M\u00e4rz 2019 viele Sippungsabende verhindert. Jedes Schlaraffen-Reych entscheidet bei Lockerungen, ob es sippt oder nicht. <\/span><\/p>\n","protected":false},"excerpt":{"rendered":"<p>Schlaraffia\u00ae \u2013 ein persiflierendes Ritter-Spiel Erholung ist eines der wesentlichen Elemente in einem erfolgreichen und gesunden Lehrer\u00adleben! Ein regelm\u00e4\u00dfiger Abend voller Fr\u00f6hlichkeit kann dabei wahre Wunder bewirken. Nat\u00fcrlich liegt es nahe, sich nach einem anstrengenden Berufstag vor den Fernseher zu fl\u00e4zen und einfach nichts mehr zu tun. Aber allein die Regelm\u00e4\u00dfigkeit, sich einen Abend in &hellip; <\/p>\n<p class=\"link-more\"><a href=\"https:\/\/www.bio-nickl.de\/wordpress\/erholung\/erholung-fuer-maenner\/\" class=\"more-link\"><span class=\"screen-reader-text\">\u201eErholung f\u00fcr M\u00e4nner\u201c<\/span> weiterlesen<\/a><\/p>\n","protected":false},"author":1,"featured_media":0,"parent":1888,"menu_order":0,"comment_status":"closed","ping_status":"closed","template":"","meta":{"om_disable_all_campaigns":false,"_monsterinsights_skip_tracking":false,"_monsterinsights_sitenote_active":false,"_monsterinsights_sitenote_note":"","_monsterinsights_sitenote_category":0,"footnotes":""},"class_list":["post-1901","page","type-page","status-publish","hentry"],"aioseo_notices":[],"_links":{"self":[{"href":"https:\/\/www.bio-nickl.de\/wordpress\/wp-json\/wp\/v2\/pages\/1901","targetHints":{"allow":["GET"]}}],"collection":[{"href":"https:\/\/www.bio-nickl.de\/wordpress\/wp-json\/wp\/v2\/pages"}],"about":[{"href":"https:\/\/www.bio-nickl.de\/wordpress\/wp-json\/wp\/v2\/types\/page"}],"author":[{"embeddable":true,"href":"https:\/\/www.bio-nickl.de\/wordpress\/wp-json\/wp\/v2\/users\/1"}],"replies":[{"embeddable":true,"href":"https:\/\/www.bio-nickl.de\/wordpress\/wp-json\/wp\/v2\/comments?post=1901"}],"version-history":[{"count":13,"href":"https:\/\/www.bio-nickl.de\/wordpress\/wp-json\/wp\/v2\/pages\/1901\/revisions"}],"predecessor-version":[{"id":6858,"href":"https:\/\/www.bio-nickl.de\/wordpress\/wp-json\/wp\/v2\/pages\/1901\/revisions\/6858"}],"up":[{"embeddable":true,"href":"https:\/\/www.bio-nickl.de\/wordpress\/wp-json\/wp\/v2\/pages\/1888"}],"wp:attachment":[{"href":"https:\/\/www.bio-nickl.de\/wordpress\/wp-json\/wp\/v2\/media?parent=1901"}],"curies":[{"name":"wp","href":"https:\/\/api.w.org\/{rel}","templated":true}]}}