{"id":2672,"date":"2018-08-09T15:49:26","date_gmt":"2018-08-09T13:49:26","guid":{"rendered":"http:\/\/www.bio-nickl.de\/wordpress\/?page_id=2672"},"modified":"2020-07-11T10:55:29","modified_gmt":"2020-07-11T08:55:29","slug":"fotos-ausgestorbene-saeugetiere-der-erdneuzeit","status":"publish","type":"page","link":"https:\/\/www.bio-nickl.de\/wordpress\/fotos-wirbeltiere\/fotos-ausgestorbene-saeugetiere-der-erdneuzeit\/","title":{"rendered":"Photos Ausgestorbene S\u00e4ugetiere der Erdneuzeit"},"content":{"rendered":"<p>Bis zum Ende der letzten Eiszeit lebten im Gebiet des heutigen Bayern gro\u00dfe S\u00e4ugetiere, die man eher mit Afrika in Verbindung bringen w\u00fcrde als mit Mitteleuropa.<\/p>\n<p>Die folgenden Bilder stammen aus dem <strong>Pal\u00e4ontologischen Museum M\u00fcnchen<\/strong>, Richard-Wagner-Stra\u00dfe 10 (Juli 2018). Ich danke dessen Leiter, Prof. Dr. Gert W\u00f6rheide, f\u00fcr die freundliche Genehmigung der Ver\u00f6ffentlichung. Die Bilder d\u00fcrfen f\u00fcr schulische Zwecke unter Angabe ihres Aufstellungsortes verwendet werden.<\/p>\n<h4><span style=\"color: #0000ff;\">Der bayerische Ur-Elefant<\/span><\/h4>\n<p><em>Gomphotherium<\/em> <em>spec<\/em>.; vor 12 Mio a (Mioz\u00e4n, Erdneuzeit); Gweng bei M\u00fchldorf am Inn, Bayern<\/p>\n<p>Das mit 170 Einzelknochen fast vollst\u00e4ndig erhaltene Skelett dieses Ur-Elefanten ist das einzige seiner Art. Abg\u00fcsse davon sind au\u00dfer im Pal\u00e4ontologischen Museum M\u00fcnchen in vier weiteren Museen aufgestellt. Im alten Griechenland wurde die zentrale Nasen\u00f6ffnung im Sch\u00e4del als Augenh\u00f6hle interpretiert, was zur Sage der riesenhaften Kyklopen (Zyklopen) gef\u00fchrt hat. Im Gegensatz zu heutigen Elefanten tr\u00e4gt\u00a0<em>Gomphotherium<\/em> auch im Unterkiefer zwei gewaltige Sto\u00dfz\u00e4hne.<\/p>\n<div id='gallery-1' class='gallery galleryid-2672 gallery-columns-3 gallery-size-thumbnail'><figure class='gallery-item'>\n\t\t\t<div class='gallery-icon portrait'>\n\t\t\t\t<a href='https:\/\/www.bio-nickl.de\/wordpress\/fotos-wirbeltiere\/fotos-ausgestorbene-saeugetiere-der-erdneuzeit\/olympus-digital-camera-172\/'><img loading=\"lazy\" decoding=\"async\" width=\"150\" height=\"150\" src=\"https:\/\/www.bio-nickl.de\/wordpress\/wp-content\/uploads\/2018\/08\/Gomphotherium-1-schr\u00e4g-150x150.jpg\" class=\"attachment-thumbnail size-thumbnail\" alt=\"\" aria-describedby=\"gallery-1-2674\" srcset=\"https:\/\/www.bio-nickl.de\/wordpress\/wp-content\/uploads\/2018\/08\/Gomphotherium-1-schr\u00e4g-150x150.jpg 150w, https:\/\/www.bio-nickl.de\/wordpress\/wp-content\/uploads\/2018\/08\/Gomphotherium-1-schr\u00e4g-100x100.jpg 100w\" sizes=\"auto, 100vw\" \/><\/a>\n\t\t\t<\/div>\n\t\t\t\t<figcaption class='wp-caption-text gallery-caption' id='gallery-1-2674'>\n\t\t\t\tGomphotherium\n\t\t\t\t<\/figcaption><\/figure><figure class='gallery-item'>\n\t\t\t<div class='gallery-icon portrait'>\n\t\t\t\t<a href='https:\/\/www.bio-nickl.de\/wordpress\/fotos-wirbeltiere\/fotos-ausgestorbene-saeugetiere-der-erdneuzeit\/olympus-digital-camera-173\/'><img loading=\"lazy\" decoding=\"async\" width=\"150\" height=\"150\" src=\"https:\/\/www.bio-nickl.de\/wordpress\/wp-content\/uploads\/2018\/08\/Gomphotherium-2-von-oben-schr\u00e4g-150x150.jpg\" class=\"attachment-thumbnail size-thumbnail\" alt=\"\" aria-describedby=\"gallery-1-2675\" srcset=\"https:\/\/www.bio-nickl.de\/wordpress\/wp-content\/uploads\/2018\/08\/Gomphotherium-2-von-oben-schr\u00e4g-150x150.jpg 150w, https:\/\/www.bio-nickl.de\/wordpress\/wp-content\/uploads\/2018\/08\/Gomphotherium-2-von-oben-schr\u00e4g-100x100.jpg 100w\" sizes=\"auto, 100vw\" \/><\/a>\n\t\t\t<\/div>\n\t\t\t\t<figcaption class='wp-caption-text gallery-caption' id='gallery-1-2675'>\n\t\t\t\tGomphotherium\n\t\t\t\t<\/figcaption><\/figure><figure class='gallery-item'>\n\t\t\t<div class='gallery-icon portrait'>\n\t\t\t\t<a href='https:\/\/www.bio-nickl.de\/wordpress\/fotos-wirbeltiere\/fotos-ausgestorbene-saeugetiere-der-erdneuzeit\/olympus-digital-camera-174\/'><img loading=\"lazy\" decoding=\"async\" width=\"150\" height=\"150\" src=\"https:\/\/www.bio-nickl.de\/wordpress\/wp-content\/uploads\/2018\/08\/Gomphotherium-3-von-oben-frontal-150x150.jpg\" class=\"attachment-thumbnail size-thumbnail\" alt=\"\" aria-describedby=\"gallery-1-2676\" srcset=\"https:\/\/www.bio-nickl.de\/wordpress\/wp-content\/uploads\/2018\/08\/Gomphotherium-3-von-oben-frontal-150x150.jpg 150w, https:\/\/www.bio-nickl.de\/wordpress\/wp-content\/uploads\/2018\/08\/Gomphotherium-3-von-oben-frontal-100x100.jpg 100w\" sizes=\"auto, 100vw\" \/><\/a>\n\t\t\t<\/div>\n\t\t\t\t<figcaption class='wp-caption-text gallery-caption' id='gallery-1-2676'>\n\t\t\t\tGomphotherium\n\t\t\t\t<\/figcaption><\/figure><figure class='gallery-item'>\n\t\t\t<div class='gallery-icon portrait'>\n\t\t\t\t<a href='https:\/\/www.bio-nickl.de\/wordpress\/fotos-wirbeltiere\/fotos-ausgestorbene-saeugetiere-der-erdneuzeit\/olympus-digital-camera-175\/'><img loading=\"lazy\" decoding=\"async\" width=\"150\" height=\"150\" src=\"https:\/\/www.bio-nickl.de\/wordpress\/wp-content\/uploads\/2018\/08\/Gomphotherium-4-von-oben-frontal-150x150.jpg\" class=\"attachment-thumbnail size-thumbnail\" alt=\"\" aria-describedby=\"gallery-1-2677\" srcset=\"https:\/\/www.bio-nickl.de\/wordpress\/wp-content\/uploads\/2018\/08\/Gomphotherium-4-von-oben-frontal-150x150.jpg 150w, https:\/\/www.bio-nickl.de\/wordpress\/wp-content\/uploads\/2018\/08\/Gomphotherium-4-von-oben-frontal-100x100.jpg 100w\" sizes=\"auto, 100vw\" \/><\/a>\n\t\t\t<\/div>\n\t\t\t\t<figcaption class='wp-caption-text gallery-caption' id='gallery-1-2677'>\n\t\t\t\tGomphotherium\n\t\t\t\t<\/figcaption><\/figure>\n\t\t<\/div>\n\n<h4><span style=\"color: #0000ff;\">Die S\u00e4belzahn-Katze<\/span><\/h4>\n<p><em>Smilodon californicus<\/em>; 50 000 Jahre alt (W\u00fcrmeiszeit, Erdneuzeit); Los Angeles, Kalifornien, USA<\/p>\n<p>S\u00e4belzahnkatzen waren in der Eiszeit fast weltweit verbreitet; die Gattung <em>Smilodon<\/em> war aber auf Nord- und S\u00fcdamerika beschr\u00e4nkt. Die abgeflachten, scharfkantigen oberen Eckz\u00e4hne wurden bis zu 20 cm lang. Mit ihnen konnten auch gro\u00dfen Beutetieren t\u00f6dliche Verletzungen zugef\u00fcgt werden. Um sie nutzen zu k\u00f6nnen, mussten die Tiere ihr Maul deutlich weiter aufrei\u00dfen als heutige Raubkatzen. An den letzten Finger- und Zehengliedern sind die kn\u00f6chernen Krallenh\u00fcllen zu sehen, in die die scharfen Krallen im Ruhezustand zur\u00fcckgezogen wurden.<\/p>\n<div id='gallery-2' class='gallery galleryid-2672 gallery-columns-3 gallery-size-thumbnail'><figure class='gallery-item'>\n\t\t\t<div class='gallery-icon landscape'>\n\t\t\t\t<a href='https:\/\/www.bio-nickl.de\/wordpress\/fotos-wirbeltiere\/fotos-ausgestorbene-saeugetiere-der-erdneuzeit\/olympus-digital-camera-182\/'><img loading=\"lazy\" decoding=\"async\" width=\"150\" height=\"150\" src=\"https:\/\/www.bio-nickl.de\/wordpress\/wp-content\/uploads\/2018\/08\/S\u00e4belzahnkatze-2-150x150.jpg\" class=\"attachment-thumbnail size-thumbnail\" alt=\"\" aria-describedby=\"gallery-2-2685\" srcset=\"https:\/\/www.bio-nickl.de\/wordpress\/wp-content\/uploads\/2018\/08\/S\u00e4belzahnkatze-2-150x150.jpg 150w, https:\/\/www.bio-nickl.de\/wordpress\/wp-content\/uploads\/2018\/08\/S\u00e4belzahnkatze-2-100x100.jpg 100w\" sizes=\"auto, 100vw\" \/><\/a>\n\t\t\t<\/div>\n\t\t\t\t<figcaption class='wp-caption-text gallery-caption' id='gallery-2-2685'>\n\t\t\t\tS\u00e4belzahnkatze Smilodon\n\t\t\t\t<\/figcaption><\/figure><figure class='gallery-item'>\n\t\t\t<div class='gallery-icon portrait'>\n\t\t\t\t<a href='https:\/\/www.bio-nickl.de\/wordpress\/fotos-wirbeltiere\/fotos-ausgestorbene-saeugetiere-der-erdneuzeit\/olympus-digital-camera-183\/'><img loading=\"lazy\" decoding=\"async\" width=\"150\" height=\"150\" src=\"https:\/\/www.bio-nickl.de\/wordpress\/wp-content\/uploads\/2018\/08\/S\u00e4belzahnkatze-3-Sch\u00e4del-150x150.jpg\" class=\"attachment-thumbnail size-thumbnail\" alt=\"\" aria-describedby=\"gallery-2-2686\" srcset=\"https:\/\/www.bio-nickl.de\/wordpress\/wp-content\/uploads\/2018\/08\/S\u00e4belzahnkatze-3-Sch\u00e4del-150x150.jpg 150w, https:\/\/www.bio-nickl.de\/wordpress\/wp-content\/uploads\/2018\/08\/S\u00e4belzahnkatze-3-Sch\u00e4del-100x100.jpg 100w\" sizes=\"auto, 100vw\" \/><\/a>\n\t\t\t<\/div>\n\t\t\t\t<figcaption class='wp-caption-text gallery-caption' id='gallery-2-2686'>\n\t\t\t\tS\u00e4belzahnkatze Smilodon\n\t\t\t\t<\/figcaption><\/figure>\n\t\t<\/div>\n\n<h4><span style=\"color: #0000ff;\">Der H\u00f6hlenb\u00e4r<\/span><\/h4>\n<p><em>Ursus spelaeus<\/em>; 40 000 a alt (W\u00fcrmeiszeit, Erdneuzeit); Zoolithenh\u00f6hle bei Burggaillenreuth, Oberfranken, Bayern<\/p>\n<p>H\u00f6hlenb\u00e4ren lebten in den sp\u00e4teren Phasen der Eiszeit. Ihren Namen haben sie den Fundorten zu verdanken; die H\u00f6hlen nutzten sie vermutlich nur f\u00fcr den Winterschlaf, wobei zu stark geschw\u00e4chte Tiere dort verendeten. Ihr Gebiss und Isotopen-Untersuchungen an den Knochen weisen darauf hin, dass sie reine Pflanzenfresser waren. Johann Friedrich Esper untersuchte als erster die Knochen von H\u00f6hlenb\u00e4ren aus der Zoolithenh\u00f6hle wissenschaftlich, hielt sie aber f\u00fcr Knochen von Eisb\u00e4ren, die durch die Sintflut verfrachtet worden seien. 1774 beschrieb er seine Funde im ersten Buch, das sich mit fossilen Knochen befasste. Das in M\u00fcnchen ausgestellte Exemplar ist mit 1 m Schulterh\u00f6he ein eher kleines Exemplar.<\/p>\n<div id='gallery-3' class='gallery galleryid-2672 gallery-columns-3 gallery-size-thumbnail'><figure class='gallery-item'>\n\t\t\t<div class='gallery-icon portrait'>\n\t\t\t\t<a href='https:\/\/www.bio-nickl.de\/wordpress\/fotos-wirbeltiere\/fotos-ausgestorbene-saeugetiere-der-erdneuzeit\/olympus-digital-camera-176\/'><img loading=\"lazy\" decoding=\"async\" width=\"150\" height=\"150\" src=\"https:\/\/www.bio-nickl.de\/wordpress\/wp-content\/uploads\/2018\/08\/H\u00f6hlenb\u00e4r-1-150x150.jpg\" class=\"attachment-thumbnail size-thumbnail\" alt=\"\" aria-describedby=\"gallery-3-2678\" srcset=\"https:\/\/www.bio-nickl.de\/wordpress\/wp-content\/uploads\/2018\/08\/H\u00f6hlenb\u00e4r-1-150x150.jpg 150w, https:\/\/www.bio-nickl.de\/wordpress\/wp-content\/uploads\/2018\/08\/H\u00f6hlenb\u00e4r-1-100x100.jpg 100w\" sizes=\"auto, 100vw\" \/><\/a>\n\t\t\t<\/div>\n\t\t\t\t<figcaption class='wp-caption-text gallery-caption' id='gallery-3-2678'>\n\t\t\t\tH\u00f6hlenb\u00e4r\n\t\t\t\t<\/figcaption><\/figure><figure class='gallery-item'>\n\t\t\t<div class='gallery-icon landscape'>\n\t\t\t\t<a href='https:\/\/www.bio-nickl.de\/wordpress\/fotos-wirbeltiere\/fotos-ausgestorbene-saeugetiere-der-erdneuzeit\/olympus-digital-camera-177\/'><img loading=\"lazy\" decoding=\"async\" width=\"150\" height=\"150\" src=\"https:\/\/www.bio-nickl.de\/wordpress\/wp-content\/uploads\/2018\/08\/H\u00f6hlenb\u00e4r-2-150x150.jpg\" class=\"attachment-thumbnail size-thumbnail\" alt=\"\" aria-describedby=\"gallery-3-2679\" srcset=\"https:\/\/www.bio-nickl.de\/wordpress\/wp-content\/uploads\/2018\/08\/H\u00f6hlenb\u00e4r-2-150x150.jpg 150w, https:\/\/www.bio-nickl.de\/wordpress\/wp-content\/uploads\/2018\/08\/H\u00f6hlenb\u00e4r-2-100x100.jpg 100w\" sizes=\"auto, 100vw\" \/><\/a>\n\t\t\t<\/div>\n\t\t\t\t<figcaption class='wp-caption-text gallery-caption' id='gallery-3-2679'>\n\t\t\t\tH\u00f6hlenb\u00e4r\n\t\t\t\t<\/figcaption><\/figure><figure class='gallery-item'>\n\t\t\t<div class='gallery-icon portrait'>\n\t\t\t\t<a href='https:\/\/www.bio-nickl.de\/wordpress\/fotos-wirbeltiere\/fotos-ausgestorbene-saeugetiere-der-erdneuzeit\/olympus-digital-camera-178\/'><img loading=\"lazy\" decoding=\"async\" width=\"150\" height=\"150\" src=\"https:\/\/www.bio-nickl.de\/wordpress\/wp-content\/uploads\/2018\/08\/H\u00f6hlenb\u00e4r-3-Sch\u00e4del-150x150.jpg\" class=\"attachment-thumbnail size-thumbnail\" alt=\"\" aria-describedby=\"gallery-3-2680\" srcset=\"https:\/\/www.bio-nickl.de\/wordpress\/wp-content\/uploads\/2018\/08\/H\u00f6hlenb\u00e4r-3-Sch\u00e4del-150x150.jpg 150w, https:\/\/www.bio-nickl.de\/wordpress\/wp-content\/uploads\/2018\/08\/H\u00f6hlenb\u00e4r-3-Sch\u00e4del-100x100.jpg 100w\" sizes=\"auto, 100vw\" \/><\/a>\n\t\t\t<\/div>\n\t\t\t\t<figcaption class='wp-caption-text gallery-caption' id='gallery-3-2680'>\n\t\t\t\tH\u00f6hlenb\u00e4r\n\t\t\t\t<\/figcaption><\/figure>\n\t\t<\/div>\n\n<h4><span style=\"color: #0000ff;\">Der Riesenhirsch<\/span><\/h4>\n<p><em>Megaloceros giganteus<\/em>; 12 000 a alt (Ende der W\u00fcrmeiszeit; Erdneuzeit); Torfmoor Leinster, Irland<\/p>\n<p>Der Riesenhirsch war mit einer Schulterh\u00f6he von 1,70 m gr\u00f6\u00dfer als der Rothirsch; sein Geweih konnte bis zu 4 m breit werden. An ihm l\u00e4sst sich die Bergmann-Regel gut zeigen. Riesenhirsche waren in der Eiszeit in den Steppen und W\u00e4ldern Eurasiens weit verbreitet.<\/p>\n<div id='gallery-4' class='gallery galleryid-2672 gallery-columns-3 gallery-size-thumbnail'><figure class='gallery-item'>\n\t\t\t<div class='gallery-icon portrait'>\n\t\t\t\t<a href='https:\/\/www.bio-nickl.de\/wordpress\/fotos-wirbeltiere\/fotos-ausgestorbene-saeugetiere-der-erdneuzeit\/olympus-digital-camera-180\/'><img loading=\"lazy\" decoding=\"async\" width=\"150\" height=\"150\" src=\"https:\/\/www.bio-nickl.de\/wordpress\/wp-content\/uploads\/2018\/08\/Riesenhirsch-3-schr\u00e4g-frontal-150x150.jpg\" class=\"attachment-thumbnail size-thumbnail\" alt=\"\" aria-describedby=\"gallery-4-2683\" srcset=\"https:\/\/www.bio-nickl.de\/wordpress\/wp-content\/uploads\/2018\/08\/Riesenhirsch-3-schr\u00e4g-frontal-150x150.jpg 150w, https:\/\/www.bio-nickl.de\/wordpress\/wp-content\/uploads\/2018\/08\/Riesenhirsch-3-schr\u00e4g-frontal-100x100.jpg 100w\" sizes=\"auto, 100vw\" \/><\/a>\n\t\t\t<\/div>\n\t\t\t\t<figcaption class='wp-caption-text gallery-caption' id='gallery-4-2683'>\n\t\t\t\tRiesenhirsch\n\t\t\t\t<\/figcaption><\/figure><figure class='gallery-item'>\n\t\t\t<div class='gallery-icon landscape'>\n\t\t\t\t<a href='https:\/\/www.bio-nickl.de\/wordpress\/fotos-wirbeltiere\/fotos-ausgestorbene-saeugetiere-der-erdneuzeit\/olympus-digital-camera-179\/'><img loading=\"lazy\" decoding=\"async\" width=\"150\" height=\"150\" src=\"https:\/\/www.bio-nickl.de\/wordpress\/wp-content\/uploads\/2018\/08\/Riesenhirsch-2-von-oben-150x150.jpg\" class=\"attachment-thumbnail size-thumbnail\" alt=\"\" aria-describedby=\"gallery-4-2682\" srcset=\"https:\/\/www.bio-nickl.de\/wordpress\/wp-content\/uploads\/2018\/08\/Riesenhirsch-2-von-oben-150x150.jpg 150w, https:\/\/www.bio-nickl.de\/wordpress\/wp-content\/uploads\/2018\/08\/Riesenhirsch-2-von-oben-100x100.jpg 100w\" sizes=\"auto, 100vw\" \/><\/a>\n\t\t\t<\/div>\n\t\t\t\t<figcaption class='wp-caption-text gallery-caption' id='gallery-4-2682'>\n\t\t\t\tRiesenhirsch\n\t\t\t\t<\/figcaption><\/figure><figure class='gallery-item'>\n\t\t\t<div class='gallery-icon portrait'>\n\t\t\t\t<a href='https:\/\/www.bio-nickl.de\/wordpress\/fotos-wirbeltiere\/fotos-ausgestorbene-saeugetiere-der-erdneuzeit\/olympus-digital-camera-181\/'><img loading=\"lazy\" decoding=\"async\" width=\"150\" height=\"150\" src=\"https:\/\/www.bio-nickl.de\/wordpress\/wp-content\/uploads\/2018\/08\/Riesenhirsch-7-mit-Person-150x150.jpg\" class=\"attachment-thumbnail size-thumbnail\" alt=\"\" aria-describedby=\"gallery-4-2684\" srcset=\"https:\/\/www.bio-nickl.de\/wordpress\/wp-content\/uploads\/2018\/08\/Riesenhirsch-7-mit-Person-150x150.jpg 150w, https:\/\/www.bio-nickl.de\/wordpress\/wp-content\/uploads\/2018\/08\/Riesenhirsch-7-mit-Person-100x100.jpg 100w\" sizes=\"auto, 100vw\" \/><\/a>\n\t\t\t<\/div>\n\t\t\t\t<figcaption class='wp-caption-text gallery-caption' id='gallery-4-2684'>\n\t\t\t\tRiesenhirsch Gr\u00f6\u00dfenvergleich\n\t\t\t\t<\/figcaption><\/figure>\n\t\t<\/div>\n\n<p>&nbsp;<\/p>\n","protected":false},"excerpt":{"rendered":"<p>Bis zum Ende der letzten Eiszeit lebten im Gebiet des heutigen Bayern gro\u00dfe S\u00e4ugetiere, die man eher mit Afrika in Verbindung bringen w\u00fcrde als mit Mitteleuropa. Die folgenden Bilder stammen aus dem Pal\u00e4ontologischen Museum M\u00fcnchen, Richard-Wagner-Stra\u00dfe 10 (Juli 2018). Ich danke dessen Leiter, Prof. Dr. Gert W\u00f6rheide, f\u00fcr die freundliche Genehmigung der Ver\u00f6ffentlichung. Die Bilder &hellip; <\/p>\n<p class=\"link-more\"><a href=\"https:\/\/www.bio-nickl.de\/wordpress\/fotos-wirbeltiere\/fotos-ausgestorbene-saeugetiere-der-erdneuzeit\/\" class=\"more-link\"><span class=\"screen-reader-text\">\u201ePhotos Ausgestorbene S\u00e4ugetiere der Erdneuzeit\u201c<\/span> weiterlesen<\/a><\/p>\n","protected":false},"author":1,"featured_media":0,"parent":2380,"menu_order":0,"comment_status":"closed","ping_status":"closed","template":"","meta":{"om_disable_all_campaigns":false,"_monsterinsights_skip_tracking":false,"_monsterinsights_sitenote_active":false,"_monsterinsights_sitenote_note":"","_monsterinsights_sitenote_category":0,"footnotes":""},"class_list":["post-2672","page","type-page","status-publish","hentry"],"aioseo_notices":[],"_links":{"self":[{"href":"https:\/\/www.bio-nickl.de\/wordpress\/wp-json\/wp\/v2\/pages\/2672","targetHints":{"allow":["GET"]}}],"collection":[{"href":"https:\/\/www.bio-nickl.de\/wordpress\/wp-json\/wp\/v2\/pages"}],"about":[{"href":"https:\/\/www.bio-nickl.de\/wordpress\/wp-json\/wp\/v2\/types\/page"}],"author":[{"embeddable":true,"href":"https:\/\/www.bio-nickl.de\/wordpress\/wp-json\/wp\/v2\/users\/1"}],"replies":[{"embeddable":true,"href":"https:\/\/www.bio-nickl.de\/wordpress\/wp-json\/wp\/v2\/comments?post=2672"}],"version-history":[{"count":4,"href":"https:\/\/www.bio-nickl.de\/wordpress\/wp-json\/wp\/v2\/pages\/2672\/revisions"}],"predecessor-version":[{"id":3109,"href":"https:\/\/www.bio-nickl.de\/wordpress\/wp-json\/wp\/v2\/pages\/2672\/revisions\/3109"}],"up":[{"embeddable":true,"href":"https:\/\/www.bio-nickl.de\/wordpress\/wp-json\/wp\/v2\/pages\/2380"}],"wp:attachment":[{"href":"https:\/\/www.bio-nickl.de\/wordpress\/wp-json\/wp\/v2\/media?parent=2672"}],"curies":[{"name":"wp","href":"https:\/\/api.w.org\/{rel}","templated":true}]}}